mmon factor of 5695 and 2680.
335
Calculate the greatest common factor of 369 and 574.
41
Calculate the highest common factor of 12369 and 93.
93
Calculate the greatest common factor of 33 and 451.
11
What is the highest common factor of 15 and 38985?
15
What is the highest common factor of 756 and 972?
108
Calculate the greatest common divisor of 259 and 56.
7
What is the highest common factor of 25 and 2140?
5
What is the highest common divisor of 494 and 208?
26
What is the greatest common divisor of 208 and 728?
104
What is the greatest common factor of 255 and 10455?
255
Calculate the greatest common factor of 2462 and 2.
2
What is the highest common factor of 12 and 324?
12
Calculate the highest common factor of 28 and 266.
14
What is the greatest common divisor of 300 and 20?
20
Calculate the greatest common divisor of 1075 and 602.
43
What is the greatest common divisor of 76 and 8?
4
What is the greatest common factor of 27591 and 51?
51
Calculate the greatest common divisor of 841 and 29.
29
Calculate the highest common divisor of 320 and 576.
64
Calculate the highest common factor of 1267 and 21.
7
What is the highest common factor of 360 and 16650?
90
What is the highest common factor of 1 and 25?
1
Calculate the highest common factor of 305 and 32635.
305
What is the highest common divisor of 252 and 1656?
36
Calculate the highest common factor of 240 and 32.
16
Calculate the highest common divisor of 24 and 5376.
24
What is the highest common factor of 74298 and 116?
58
Calculate the greatest common factor of 2 and 94.
2
Calculate the highest common divisor of 28 and 42.
14
What is the greatest common factor of 1098 and 72?
18
What is the greatest common divisor of 40 and 568?
8
Calculate the greatest common divisor of 152 and 16.
8
Calculate the highest common factor of 60 and 420.
60
Calculate the greatest common divisor of 7902 and 54.
18
What is the highest common divisor of 1 and 322?
1
Calculate the greatest common divisor of 6 and 1347.
3
Calculate the highest common factor of 14 and 1400.
14
What is the highest common factor of 88 and 286?
22
What is the greatest common factor of 5050 and 10?
10
Calculate the greatest common factor of 385 and 2981.
11
What is the greatest common divisor of 45 and 7326?
9
Calculate the greatest common factor of 38 and 361.
19
What is the greatest common factor of 3021 and 318?
159
What is the greatest common divisor of 4 and 381?
1
What is the greatest common factor of 1460 and 20?
20
What is the greatest common divisor of 859 and 2?
1
What is the highest common factor of 40 and 16840?
40
What is the greatest common divisor of 116 and 377?
29
Calculate the highest common factor of 60 and 10740.
60
What is the greatest common divisor of 1435 and 205?
205
What is the greatest common divisor of 160 and 544?
32
Calculate the highest common factor of 492 and 24.
12
What is the greatest common factor of 890 and 2314?
178
What is the greatest common factor of 40306 and 14?
14
Calculate the greatest common divisor of 8 and 296.
8
What is the greatest common factor of 3298 and 776?
194
Calculate the highest common divisor of 456 and 399.
57
Calculate the highest common divisor of 20 and 4670.
10
What is the greatest common factor of 72 and 96?
24
Calculate the greatest common factor of 24 and 438.
6
What is the greatest common factor of 166 and 415?
83
Calculate the greatest common divisor of 177 and 5251.
59
Calculate the highest common factor of 2124 and 36.
36
Calculate the greatest common factor of 28 and 208.
4
Calculate the highest common divisor of 157 and 18997.
157
Calculate the greatest common factor of 164 and 3526.
82
What is the highest common factor of 765 and 585?
45
What is the highest common divisor of 31263 and 51?
51
Calculate the highest common factor of 1395 and 775.
155
What is the greatest common factor of 7 and 28931?
7
Calculate the greatest common factor of 447 and 3427.
149
What is the highest common factor of 3348 and 248?
124
What is the highest common divisor of 21331 and 1028?
257
What is the highest common divisor of 8298 and 54?
18
What is the greatest common factor of 27 and 384?
3
Calculate the greatest common divisor of 6090 and 105.
105
Calculate the greatest common divisor of 140 and 40.
20
Calculate the highest common factor of 7 and 259.
7
Calculate the highest common factor of 244 and 32.
4
What is the greatest common divisor of 16308 and 108?
108
What is the highest common divisor of 77 and 11?
11
What is the greatest common factor of 39 and 16575?
39
What is the greatest common factor of 815 and 4?
1
Calculate the greatest common divisor of 252 and 196.
28
What is the highest common divisor of 13680 and 135?
45
What is the greatest common factor of 63 and 609?
21
Calculate the highest common divisor of 28 and 77.
7
Calculate the greatest common divisor of 146 and 949.
73
What is the greatest common divisor of 2 and 244?
2
Calculate the greatest common factor of 60764 and 44.
44
What is the highest common factor of 10593 and 99?
99
What is the greatest common factor of 178 and 18334?
178
What is the highest common divisor of 7 and 15?
1
What is the highest common divisor of 92 and 483?
23
What is the greatest common divisor of 99 and 7821?
99
Calculate the highest common factor of 2310 and 77.
77
Calculate the greatest common factor of 231 and 42.
21
Calculate the greatest common divisor of 49 and 68551.
49
What is the highest common factor of 39 and 78?
39
What is the greatest common factor of 4104 and 1140?
228
Calculate the highest common factor of 1007 and 53.
53
What is the highest common divisor of 38 and 2489?
19
Calculate the greatest common divisor of 20 and 980.
20
What is the greatest common factor of 3260 and 20?
20
Calculate the greatest common divisor of 423 and 47.
47
What is the highest common factor of 234 and 19617?
39
What is the highest common factor of 36 and 564?
12
What is the highest common divisor of 312 and 40?
8
What is the greatest common divisor of 10 and 1690?
10
What is the highest common divisor of 1515 and 75?
15
What is the greatest common divisor of 310 and 320?
10
Calculate the highest common divisor of 320 and 6336.
64
What is the highest common divisor of 57 and 12?
3
Calculate the highest common factor of 305 and 16470.
305
What is the greatest common factor of 464 and 448?
16
Calculate the greatest common divisor of 351 and 91.
13
Calculate the greatest common divisor of 34664 and 56.
56
What is the highest common divisor of 15 and 55?
5
What is the greatest common divisor of 6305 and 65?
65
Calculate the greatest common divisor of 36 and 360.
36
What is the greatest common factor of 15 and 27?
3
What is the highest common factor of 512 and 1?
1
Calculate the greatest common divisor of 22 and 979.
11
Calculate the highest common divisor of 3144 and 7598.
262
What is the highest common factor of 76 and 1349?
19
Calculate the highest common divisor of 12 and 876.
12
What is the greatest common factor of 44 and 1868?
4
What is the highest common divisor of 209 and 143?
11
Calculate the greatest common divisor of 2 and 112.
2
Calculate the highest common divisor of 728 and 392.
56
What is the highest common factor of 3495 and 15?
15
Calculate the highest common factor of 57 and 3781.
19
What is the highest common divisor of 638 and 58?
58
What is the highest common factor of 319 and 121?
11
Calculate the highest common divisor of 5040 and 160.
80
What is the highest common factor of 15 and 65?
5
What is the highest common divisor of 1836 and 833?
17
Calculate the highest common factor of 6 and 2403.
3
Calculate the greatest common factor of 494 and 702.
26
What is the highest common factor of 528 and 22?
22
Calculate the greatest common factor of 20 and 58910.
10
Calculate the greatest common factor of 1121 and 133.
19
What is the greatest common divisor of 2021 and 47?
47
What is the greatest common divisor of 2368 and 64?
64
What is the greatest common divisor of 22 and 638?
22
What is the highest common factor of 46 and 598?
46
What is the highest common factor of 124 and 76?
4
What is the highest common divisor of 1280 and 110?
10
Calculate the highest common factor of 721 and 103.
103
Calculate the greatest comm